t of 59056410?
5
What is the ten thousands digit of 5471898617?
9
What is the ten thousands digit of 21619133?
1
What is the millions digit of 3590559442?
0
What is the tens digit of 44245323?
2
What is the tens digit of 40173804?
0
What is the hundred millions digit of 818381293?
8
What is the millions digit of 804585598?
4
What is the millions digit of 3392070448?
2
What is the hundred millions digit of 557721396?
5
What is the units digit of 1250988730?
0
What is the hundred thousands digit of 735911691?
9
What is the ten thousands digit of 1797320014?
2
What is the ten thousands digit of 26790759?
9
What is the units digit of 186956385?
5
What is the thousands digit of 2037119316?
9
What is the hundreds digit of 118372520?
5
What is the ten millions digit of 223444544?
2
What is the millions digit of 75082833?
5
What is the thousands digit of 46605062?
5
What is the hundred thousands digit of 2145907838?
9
What is the ten millions digit of 34363420?
3
What is the millions digit of 24796627?
4
What is the hundred millions digit of 8927365233?
9
What is the tens digit of 5705598403?
0
What is the hundreds digit of 420170673?
6
What is the tens digit of 111933529?
2
What is the millions digit of 85074019?
5
What is the ten thousands digit of 7216942?
1
What is the units digit of 14686644?
4
What is the ten thousands digit of 4590275991?
7
What is the billions digit of 4003910569?
4
What is the ten millions digit of 122296687?
2
What is the hundred thousands digit of 612438857?
4
What is the hundred thousands digit of 73931041?
9
What is the hundreds digit of 117030144?
1
What is the hundred thousands digit of 331841841?
8
What is the thousands digit of 340663753?
3
What is the millions digit of 521959226?
1
What is the tens digit of 2346113430?
3
What is the hundred millions digit of 183171902?
1
What is the ten thousands digit of 185747424?
4
What is the hundreds digit of 46539007?
0
What is the hundreds digit of 473793647?
6
What is the hundred millions digit of 679284044?
6
What is the ten millions digit of 59494862?
5
What is the hundred thousands digit of 5914208222?
2
What is the ten thousands digit of 209868507?
6
What is the ten thousands digit of 78435731?
3
What is the hundred thousands digit of 161836001?
8
What is the ten thousands digit of 77929035?
2
What is the ten thousands digit of 1916294080?
9
What is the tens digit of 2044965?
6
What is the ten thousands digit of 71622572?
2
What is the millions digit of 516949079?
6
What is the hundred thousands digit of 48464235?
4
What is the units digit of 151859590?
0
What is the hundred thousands digit of 43770386?
7
What is the millions digit of 8292154?
8
What is the millions digit of 301681665?
1
What is the units digit of 4034115819?
9
What is the ten thousands digit of 1891912201?
1
What is the hundreds digit of 203933480?
4
What is the thousands digit of 10585116?
5
What is the ten thousands digit of 107108642?
0
What is the billions digit of 1946863695?
1
What is the millions digit of 31389156?
1
What is the billions digit of 1329786625?
1
What is the units digit of 25553400?
0
What is the millions digit of 82022795?
2
What is the ten thousands digit of 560274624?
7
What is the millions digit of 17524649?
7
What is the ten millions digit of 4825384003?
2
What is the hundreds digit of 62607479?
4
What is the ten millions digit of 388145694?
8
What is the ten millions digit of 63537134?
6
What is the ten thousands digit of 55740513?
4
What is the ten millions digit of 148374363?
4
What is the ten millions digit of 2041542276?
4
What is the hundred millions digit of 765102823?
7
What is the ten thousands digit of 93116056?
1
What is the hundreds digit of 998622267?
2
What is the millions digit of 88400537?
8
What is the hundred thousands digit of 1334397894?
3
What is the millions digit of 230931810?
0
What is the thousands digit of 143355013?
5
What is the hundreds digit of 31990303?
3
What is the tens digit of 63755457?
5
What is the hundreds digit of 178410352?
3
What is the ten thousands digit of 430744707?
4
What is the ten thousands digit of 508270112?
7
What is the millions digit of 199446557?
9
What is the hundreds digit of 687591?
5
What is the ten millions digit of 2046161391?
4
What is the hundreds digit of 77756154?
1
What is the ten millions digit of 29102703?
2
What is the ten millions digit of 842469013?
4
What is the thousands digit of 18892325?
2
What is the hundreds digit of 351095071?
0
What is the hundred thousands digit of 168651808?
6
What is the units digit of 25408246?
6
What is the ten thousands digit of 925138473?
3
What is the millions digit of 26785342?
6
What is the hundred thousands digit of 217582492?
5
What is the units digit of 1171370068?
8
What is the ten thousands digit of 8741434291?
3
What is the hundred millions digit of 7341767103?
3
What is the hundred thousands digit of 10816980?
8
What is the tens digit of 1132065772?
7
What is the hundred thousands digit of 891430962?
4
What is the thousands digit of 536989662?
9
What is the hundreds digit of 60877974?
9
What is the units digit of 100850164?
4
What is the hundred thousands digit of 553987704?
9
What is the ten millions digit of 107901364?
0
What is the tens digit of 466709341?
4
What is the hundreds digit of 2739894695?
6
What is the thousands digit of 1199007665?
7
What is the ten thousands digit of 210868540?
6
What is the millions digit of 33851752?
3
What is the ten millions digit of 82774571?
8
What is the ten millions digit of 658801030?
5
What is the ten millions digit of 3732818280?
3
What is the hundreds digit of 126654162?
1
What is the hundreds digit of 169719000?
0
What is the hundreds digit of 23898658?
6
What is the units digit of 454346216?
6
What is the millions digit of 190525235?
0
What is the ten millions digit of 1404550407?
0
What is the ten millions digit of 94452788?
9
What is the tens digit of 105759852?
5
What is the hundreds digit of 139839441?
4
What is the ten thousands digit of 171759901?
5
What is the hundred thousands digit of 364522216?
5
What is the ten thousands digit of 364821901?
2
What is the tens digit of 3516964475?
7
What is the ten millions digit of 64379671?
6
What is the units digit of 41985354?
4
What is the units digit of 49486206?
6
What is the units digit of 242976584?
4
What is the units digit of 5206855?
5
What is the millions digit of 90324229?
0
What is the hundreds digit of 36228695?
6
What is the ten thousands digit of 62651149?
5
What is the tens digit of 1462592092?
9
What is the ten thousands digit of 6566114408?
1
What is the tens digit of 94339663?
6
What is the tens digit of 27917499?
9
What is the tens digit of 40210912?
1
What is the millions digit of 863583252?
3
What is the hundreds digit of 118193757?
7
What is the thousands digit of 315714995?
4
What is the units digit of 379325544?
4
What is the units digit of 2050705129?
9
What is the hundred thousands digit of 5878145?
8
What is the hundred millions digit of 502795787?
5
What is the ten millions digit of 111553071?
1
What is the ten thousands digit of 1774057555?
5
What is the ten thousands digit of 1015538632?
3
What is the tens digit of 558460544?
4
What is the ten millions digit of 27593096?
2
What is the units digit of 40075141?
1
What is the ten thousands digit of 620082476?
8
What is the units digit of 321710659?
9
What is the ten millions digit of 225570280?
2
What is the hundred thousands digit of 21250685?
2
What is the ten millions digit of 1004780062?
0
What is the hundreds digit of 1534250527?
5
What is the millions digit of 10507420?
0
What is the billions digit of 2277983386?
2
What is the thousands digit of 1140087876?
7
What is the ten millions digit of 284581956?
8
What is the hundred thousands digit of 778361137?
3
What is the millions digit of 35438970?
5
What is the ten thousands digit of 3659302469?
0
What is the ten thousands digit of 847473041?
7
What is the ten thousands digit of 946902362?
0
What is the units digit of 32261223?
3
What is the hundreds digit of 233091182?
1
What is the ten millions digit of 61567792?
6
What is the units digit of 21095280?
0
What is the thousands digit of 116348211?
8
What is the millions digit of 1845099767?
